t m be 36/27 + 642/18. Suppose 0 = 4*p + 33*r - m*r - 6604, -2 = -2*r. What is the hundreds digit of p?
6
Suppose -4*y - k + 1552 = 0, 6*y - k = 5*y + 393. Suppose -251 = -4*f + y. What is the tens digit of f?
6
Suppose 0*s + 2*z - 5940 = -2*s, s - 2995 = 4*z. Let w = s + -1254. What is the units digit of w?
1
Let b = -632 + 636. Suppose 580 = -b*y + 6*y. What is the units digit of y?
0
Let c = 45 + -42. Suppose -3*o - 115 = -5*y, -5*y + c*o = 6*o - 85. Let l = y - 13. What is the units digit of l?
7
What is the hundreds digit of (8 - 4) + -2 - (-3486 + -6) - -4?
4
Let t be -1 - 14/6 - (-11)/33. Let z(p) = 3*p**2 + 6*p + 5. Let c be z(t). What is the units digit of 15/(c/(-5) - 27/(-9))?
5
Let t = 5 - -301. Let k = 320 - t. What is the tens digit of k?
1
Suppose 5*x + 2*p = 19, 0*x - 29 = -4*x + 3*p. Let s = 3 - x. What is the units digit of 2 - s/2 - (-37 + 3)?
7
Let t = 5001 + -2595. Let r = t + -1450. What is the units digit of r?
6
Suppose 714 = -29*i + 32*i. Suppose -i - 270 = -2*x. What is the units digit of x?
4
Suppose 0 = -5*y - 3*h + 1352 - 221, -5*y - 2*h + 1129 = 0. Let f be ((-23)/46)/((-1)/(-298)). Let a = f + y. What is the tens digit of a?
7
Suppose -11106 = -o + u, 4*o - 352*u = -349*u + 44421. What is the units digit of o?
3
Let m be (-2)/(-7) - (2 + (-160)/28). Suppose m*w = 105 + 243. Suppose -24 - w = -p. What is the hundreds digit of p?
1
Suppose -2*o + 17 = -5*n, o - 2 = -4*n - 0. Suppose -o*c + 0*c = -0*c. Suppose -3*s + 18 + 6 = c. What is the units digit of s?
8
Let v(u) = -3*u - 13. Let d be v(6). Let h(s) = 3*s**2 + 62*s - 68. What is the hundreds digit of h(d)?
8
Suppose -30*k + 42448 = -43712. What is the hundreds digit of k?
8
Let g(c) = -c + 15. Let k be g(9). Suppose 116 = -k*f + 356. Let q = 71 - f. What is the units digit of q?
1
Let w = -13076 + 37874. What is the hundreds digit of w?
7
Suppose 493878 - 3103343 = -115*h. What is the ten thousands digit of h?
2
Suppose a + 15 = l - 0*a, -39 = -4*l - 3*a. Let u(x) = -l*x + 18*x - 8*x + 7 + x**3 - 4. What is the units digit of u(3)?
4
Suppose -u + 4*s = -14725, u + 5*s = 5289 + 9400. What is the tens digit of u?
0
Let u(p) = p + 1. Let w be u(8). Let d be 98/3*w/6. Let v = d - 25. What is the tens digit of v?
2
Let m(i) = 79*i + 40. Suppose 6*u + 12 = 12*u. What is the tens digit of m(u)?
9
Let i be 26187 + 7/(-14)*6. What is the tens digit of 3/2 - i/(-48)?
4
Let j = 4789 + 2003. What is the hundreds digit of j?
7
Let g = 743 - 369. Suppose -2*m + 2*l = -6*m + 1466, m + 3*l = g. What is the units digit of m?
5
Let z = 296 + 1068. Suppose 0 = -q + 201 + z. What is the thousands digit of q?
1
Let c(z) = 6*z**2 + 24*z + 3. Let o be c(-4). Suppose -43*f = -39*f - u - 2027, -o*f - 4*u = -1544. What is the hundreds digit of f?
5
Suppose 3*v - 4 = v. Suppose -10 = 5*n, 0 = -5*c + 2*n + 58 + 66. Suppose 2*z + 5*u = -0*z + 12, 4*z - v*u - c = 0. What is the units digit of z?
6
Let h be 110/6 + (7 - 154/21). What is the tens digit of ((-746)/(-4))/(2 + h/(-12))?
7
Let o = 25097 + 44389. What is the units digit of o?
6
What is the ten thousands digit of (-3)/(12/(-26))*(-23)/((-851)/143042)?
2
Suppose -3*t - 9 = -3*m, 2*m - 4*t = 8 + 2. Let b(p) = 2*p**3 + p**2 + p - 2. Let y be b(m). Let z(s) = 55*s - 9. What is the hundreds digit of z(y)?
1
Let w(v) = 8490*v - 39. What is the tens digit of w(1)?
5
What is the hundreds digit of 50445/(-135)*6/(-14) + 2/(-14)?
1
Let n = 129 + -115. Suppose -335 = -n*d + 1933. What is the units digit of d?
2
Let j = -103 + 105. Suppose j*o - 6 = 0, -5*o = 2*k - 185 - 366. What is the tens digit of k?
6
Suppose -216 - 10 = -c. Suppose -296 = -9*w + c. What is the tens digit of w?
5
Let g = 728 + -432. Let d(o) = -o**2 - 8*o + 1. Let r be d(-3). Suppose r*z - 12*z - g = 0. What is the units digit of z?
4
Suppose -2*k - 6240 - 1430 = -4*n, -3*k + 3839 = 2*n. What is the hundreds digit of n?
9
Suppose -2*j - 2*n = -3222, 0 = -5*j + j - 2*n + 6442. What is the tens digit of j?
1
Let j(i) = i**2 - 23*i. Let a be j(-9). Suppose y = -a + 684. Let d = -262 + y. What is the hundreds digit of d?
1
Let c(d) = 2*d + 33. Suppose -2*o = -3*w + 50, -2*w - 2*w = 3*o - 44. Suppose -2*v + f = -3*v + w, 4*v = -f + 59. What is the tens digit of c(v)?
6
Let p = 5094 - 2189. What is the hundreds digit of p?
9
Let q = 2 - -16. Suppose -4*w - 4270 = -q*w. What is the tens digit of w?
0
Let b(v) = -396*v + 1237. What is the thousands digit of b(-54)?
2
Suppose -q + 7821 = 8*q. Suppose -5*u + 1496 + q = 0. What is the tens digit of u?
7
Let q be (44/55)/((-2)/(-15)). Let n be (-1)/q*68 + 2/(-3). What is the units digit of (-1239)/n - 3/12?
3
Let j = 12164 - 1248. What is the tens digit of j?
1
Let u = 16254 + -4995. What is the tens digit of u?
5
Let k = -187 + 191. Suppose -k*l = -27*l + 6072. What is the hundreds digit of l?
2
Let x be (3/3)/((-2)/(-14)). Let f(h) = 143*h + 1001. Let j be f(-7). What is the units digit of j - 2*-20 - x/(-7)?
1
Suppose -2*n + 0 - 8 = 0, h - 644 = 3*n. Let k = h + -253. What is the units digit of k?
9
Suppose 0 = 37*a - 114443 - 142115. What is the tens digit of a?
3
Let z = -595 - 71. Let m = z - -1498. What is the hundreds digit of m?
8
Let o(w) = 312*w**2 - 244*w - 2903. What is the tens digit of o(-11)?
3
Suppose -2*c = 3*d + 978, c + 4*c + 4*d + 2438 = 0. Let p = c + 1093. What is the units digit of p?
7
Let b be (-3)/(-2)*(-1350)/(-81). Let c(p) = 2*p**2 - 50*p + 40. What is the tens digit of c(b)?
4
Let k(s) = -s**2 + s - 8. Let v be k(0). Suppose 3*t + 3*z = -2*t + 5, -2*t - 5*z + 21 = 0. What is the units digit of t/(v/36) - (-1 - -3)?
7
Suppose -4*h = -20 + 16, -p = -h - 11267. What is the units digit of p?
8
Let t be 22 - 19 - 2/1. What is the hundreds digit of -158*(t - 2) + -54 + 53?
1
Suppose -r = 3*j - 237, -3*r = 5*j - 447 - 248. Suppose 0 = r*n - 218*n - 6762. What is the hundreds digit of n?
9
Let a = -54 - 38. Let n = a - -270. Let r = n + -86. What is the tens digit of r?
9
Suppose -278 + 50 = -19*x. What is the tens digit of (32 + 43)*(x - 1)?
2
Let i(q) be the first derivative of q**4/4 + 17*q**3/3 + 8*q**2 - 36*q - 971. Let b = -9 + -6. What is the hundreds digit of i(b)?
1
Suppose -2*z + 2*w + 25 = -9, 4*z - 50 = -5*w. Suppose 9*u = z*u - 9252. What is the tens digit of u?
4
Suppose -204505 = 54*w - 124*w + 617435. What is the units digit of w?
2
What is the ten thousands digit of ((-179974)/(-87) + -16)/((-4)/(-78))?
4
Let l be (-333)/(-36) - 5/4. Suppose 476 = -l*g + 10*g. Let r = 456 - g. What is the hundreds digit of r?
2
Suppose -11955 + 1811 = -4*x. Suppose -x = 185*n - 187*n. What is the thousands digit of n?
1
Suppose 70 = -4*d - 5*j - 125, -2 = -2*j. Let r = 97 + d. Suppose 5*s - r = t, 4*s + t = 9 + 25. What is the units digit of s?
9
Let s = -15346 + 23010. What is the hundreds digit of s?
6
Suppose -48*t = -45*t + 4*x - 2109, 5*x = -4*t + 2812. What is the tens digit of t?
0
What is the thousands digit of 9/(-63) + (-190521)/(-63) + -1*1?
3
What is the tens digit of 36288/(-560)*2/((-4)/130)?
1
Suppose -4*v = -6*v + 4. Suppose -3686 = -4*t - 5*l, v*t = 5*l + 685 + 1143. What is the tens digit of t?
1
Let h be (3908 - 6)/2 + (-8)/(-2). Let n = h + -1067. What is the units digit of n?
8
Let d(y) = -13*y**2 + 6*y + 11. Let p(v) = 53*v**2 - 24*v - 43. Let b(a) = -9*d(a) - 2*p(a). Let j be 4/22 - (-48)/(-22). What is the units digit of b(j)?
3
Let x(z) = -1297*z - 101. Let b be x(-3). Suppose -b = -5*j + 2935. What is the units digit of j?
5
Let b(a) = -3*a**2 - 773*a - 99. What is the ten thousands digit of b(-219)?
2
Let r = 5656 - 4560. What is the hundreds digit of r?
0
Suppose 9*o = 26 + 91. What is the units digit of o/((-65)/(-110)) + 2?
4
What is the tens digit of 9 - -13284 - (-5 + (-1 - -2))?
9
Let d be -6*24/(-54)*6. Suppose -1018 - 5366 = -d*q. What is the hundreds digit of q?
3
Suppose -10*w + 120960 = 6*w. Suppose -6*v + v = 5*j - 9425, 4*v - w = j. What is the units digit of v?
9
Let i = -586 + -30. Let q = -202 - i. What is the hundreds digit of q?
4
Let y(a) = a - 16. Suppose -4*g - 27 = -7. Let o(t) = t - 17. Let n(k) = g*o(k) + 4*y(k). What is the units digit of n(-6)?
7
Let n = 3992 - -7712. What is the hundreds digit of n?
7
What is the ten thousands digit of (-5 - -13) + 462